{"id":46,"date":"2014-06-24T12:16:31","date_gmt":"2014-06-24T11:16:31","guid":{"rendered":"http:\/\/www.each.eu\/?page_id=46"},"modified":"2024-11-19T09:39:41","modified_gmt":"2024-11-19T09:39:41","slug":"advisory-committee","status":"publish","type":"page","link":"https:\/\/each.international\/nl\/organisation\/advisory-committee\/","title":{"rendered":"Adviescomite"},"content":{"rendered":"<p>Het Adviescomit\u00e9 bestaat uit alle nationale en plaatsvervangende nationale vertegenwoordigers van de lidstaten en alle leden van het Uitvoerend Comit\u00e9.<\/p>\n\n\n\n<p>Voorzitter van de Adviescommissie:\u00a0<a href=\"https:\/\/each.international\/nl\/members\/sbasu\/profile\/\">Shishta Basu<\/a><br>Medevoorzitter van het Adviescomit\u00e9:\u00a0<a href=\"https:\/\/each.international\/nl\/members\/mbrouwers\/profile\/\">Marianne Brouwers<\/a><br>Co-chair of the Advisory Committee:\u00a0This position is vacant, please contact <a href=\"https:\/\/each.international\/nl\/members\/sbasu\/profile\/\">Shishta <\/a>if you are interested<\/p>\n\n\n\n<p>Nationale vertegenwoordigers van landen met ten minste vijf leden zijn allemaal stemgerechtigde leden van de commissie en vormen samen met het uitvoerend comit\u00e9 de trustees van de liefdadigheidsinstelling. Elk land heeft \u00e9\u00e9n stem, gebruikt door de Nationale Vertegenwoordiger. Bij afwezigheid van de Nationaal Vertegenwoordiger kan de plaatsvervangend vertegenwoordiger van de stemming gebruik maken.<\/p>\n\n\n\n<p>The Advisory Committee is appointed for 2 years at the Annual General Meeting following elections. The election for 2024 is now closed and will reopen in 2026.<\/p>\n\n\n\n<h2 class=\"wp-block-heading\">Rol van het Adviescomit\u00e9<\/h2>\n\n\n\n<ul class=\"wp-block-list\">\n<li>Vormt de strategische richting van ELKE activiteit<\/li>\n\n\n\n<li>Identificeert mondiale prioriteiten in onderzoek, onderwijs, beleid en praktijk op het gebied van gezondheidszorgcommunicatie door te leren over nationale behoeften<\/li>\n\n\n\n<li>Ondersteunt de nationale vertegenwoordigers en plaatsvervangende nationale vertegenwoordigers bij het vaststellen van de behoeften van de EACH-leden van hun land<\/li>\n\n\n\n<li>Faciliteert internationale samenwerking bij het ontwikkelen van initiatieven om het onderwijs, onderzoek, de praktijk of het beleid op het gebied van gezondheidszorgcommunicatie te verbeteren<\/li>\n<\/ul>\n\n\n\n<h2 class=\"wp-block-heading\">Hoe de Adviescommissie werkt<\/h2>\n\n\n\n<ul class=\"wp-block-list\">\n<li>Driemaandelijkse bijeenkomsten online, waarvan er \u00e9\u00e9n persoonlijk zal zijn en de rest virtueel<\/li>\n\n\n\n<li>Begeleiden en reageren<\/li>\n<\/ul>\n\n\n\n<div class=\"wp-block-buttons is-layout-flex wp-block-buttons-is-layout-flex\">\n<div class=\"wp-block-button\"><a class=\"wp-block-button__link wp-element-button\" href=\"https:\/\/each.international\/nl\/organisation\/national-representatives\/\">Nationale Vertegenwoordigers (NR)<\/a><\/div>\n<\/div>","protected":false},"excerpt":{"rendered":"<p>The Advisory Committee consists of all National and Deputy National Representatives from member countries and all members of the Executive Committee. Chair of the Advisory&hellip;<\/p>","protected":false},"author":996,"featured_media":0,"parent":9503,"menu_order":0,"comment_status":"closed","ping_status":"open","template":"page-basic-header.php","meta":{"_acf_changed":false,"footnotes":""},"class_list":["post-46","page","type-page","status-publish","hentry"],"acf":[],"_links":{"self":[{"href":"https:\/\/each.international\/nl\/wp-json\/wp\/v2\/pages\/46","targetHints":{"allow":["GET"]}}],"collection":[{"href":"https:\/\/each.international\/nl\/wp-json\/wp\/v2\/pages"}],"about":[{"href":"https:\/\/each.international\/nl\/wp-json\/wp\/v2\/types\/page"}],"author":[{"embeddable":true,"href":"https:\/\/each.international\/nl\/wp-json\/wp\/v2\/users\/996"}],"replies":[{"embeddable":true,"href":"https:\/\/each.international\/nl\/wp-json\/wp\/v2\/comments?post=46"}],"version-history":[{"count":5,"href":"https:\/\/each.international\/nl\/wp-json\/wp\/v2\/pages\/46\/revisions"}],"predecessor-version":[{"id":21864,"href":"https:\/\/each.international\/nl\/wp-json\/wp\/v2\/pages\/46\/revisions\/21864"}],"up":[{"embeddable":true,"href":"https:\/\/each.international\/nl\/wp-json\/wp\/v2\/pages\/9503"}],"wp:attachment":[{"href":"https:\/\/each.international\/nl\/wp-json\/wp\/v2\/media?parent=46"}],"curies":[{"name":"wp","href":"https:\/\/api.w.org\/{rel}","templated":true}]}}

<p>Het Adviescomité bestaat uit alle nationale en plaatsvervangende nationale vertegenwoordigers van de lidstaten en alle leden van het Uitvoerend Comité.</p>



<p>Voorzitter van de Adviescommissie: <a href="https://each.international/nl/members/sbasu/profile/">Shishta Basu</a><br>Medevoorzitter van het Adviescomité: <a href="https://each.international/nl/members/mbrouwers/profile/">Marianne Brouwers</a><br>Co-chair of the Advisory Committee: This position is vacant, please contact <a href="https://each.international/nl/members/sbasu/profile/">Shishta </a>if you are interested</p>



<p>Nationale vertegenwoordigers van landen met ten minste vijf leden zijn allemaal stemgerechtigde leden van de commissie en vormen samen met het uitvoerend comité de trustees van de liefdadigheidsinstelling. Elk land heeft één stem, gebruikt door de Nationale Vertegenwoordiger. Bij afwezigheid van de Nationaal Vertegenwoordiger kan de plaatsvervangend vertegenwoordiger van de stemming gebruik maken.</p>



<p>The Advisory Committee is appointed for 2 years at the Annual General Meeting following elections. The election for 2024 is now closed and will reopen in 2026.</p>



<h2 class="wp-block-heading">Rol van het Adviescomité</h2>



<ul class="wp-block-list">
<li>Vormt de strategische richting van ELKE activiteit</li>



<li>Identificeert mondiale prioriteiten in onderzoek, onderwijs, beleid en praktijk op het gebied van gezondheidszorgcommunicatie door te leren over nationale behoeften</li>



<li>Ondersteunt de nationale vertegenwoordigers en plaatsvervangende nationale vertegenwoordigers bij het vaststellen van de behoeften van de EACH-leden van hun land</li>



<li>Faciliteert internationale samenwerking bij het ontwikkelen van initiatieven om het onderwijs, onderzoek, de praktijk of het beleid op het gebied van gezondheidszorgcommunicatie te verbeteren</li>
</ul>



<h2 class="wp-block-heading">Hoe de Adviescommissie werkt</h2>



<ul class="wp-block-list">
<li>Driemaandelijkse bijeenkomsten online, waarvan er één persoonlijk zal zijn en de rest virtueel</li>



<li>Begeleiden en reageren</li>
</ul>



<div class="wp-block-buttons is-layout-flex wp-block-buttons-is-layout-flex">
<div class="wp-block-button"><a class="wp-block-button__link wp-element-button" href="https://each.international/nl/organisation/national-representatives/">Nationale Vertegenwoordigers (NR)</a></div>
</div>
