{"id":4260,"date":"2014-06-24T06:57:38","date_gmt":"2014-06-24T05:57:38","guid":{"rendered":"http:\/\/www.each.eu\/?page_id=5"},"modified":"2024-12-17T13:06:47","modified_gmt":"2024-12-17T13:06:47","slug":"about-us","status":"publish","type":"page","link":"https:\/\/each.international\/fr\/about-us\/","title":{"rendered":"\u00c0 propos de CHACUN"},"content":{"rendered":"<div class=\"wp-block-media-text alignfull has-media-on-the-right is-stacked-on-mobile is-vertically-aligned-top about-gap\" style=\"grid-template-columns:auto 30%\"><div class=\"wp-block-media-text__content\">\n<h2 class=\"wp-block-heading\">Que fait CHACUN\u00a0?<\/h2>\n\n\n\n<p>EACH d\u00e9veloppe, promeut et enseigne une communication efficace en mati\u00e8re de sant\u00e9 dans le monde entier via\u00a0:<\/p>\n\n\n\n<ul class=\"wp-block-list tick-list\">\n<li><a href=\"https:\/\/each.international\/fr\/organisation\/networking\/\">Un r\u00e9seau mondial actif<\/a>&nbsp;de chercheurs, d&#039;enseignants et de praticiens, engag\u00e9s \u00e0 am\u00e9liorer l&#039;exp\u00e9rience des patients.<\/li>\n\n\n\n<li><a href=\"https:\/\/each.international\/fr\/research\/\">Recherche<\/a>&nbsp;et&nbsp;<a href=\"https:\/\/each.international\/fr\/teaching\/\">Enseignement<\/a>&nbsp;am\u00e9liorer la communication sur les soins de sant\u00e9 et les r\u00e9sultats de sant\u00e9 du grand public.<\/li>\n\n\n\n<li>S&#039;efforcer d&#039;avoir un impact sur&nbsp;<a href=\"https:\/\/each.international\/fr\/practice\/\">d\u00e9cideurs politiques et parties prenantes non universitaires<\/a>&nbsp;afin qu&#039;une communication efficace sur les soins de sant\u00e9 soit int\u00e9gr\u00e9e dans le syst\u00e8me de prestation de soins de sant\u00e9 partout dans le monde<\/li>\n\n\n\n<li><a href=\"https:\/\/each.international\/fr\/resources\/\">\u00c9change de connaissances<\/a>&nbsp;permettre la diffusion des produits d\u2019enseignement et de recherche au sein du milieu de la sant\u00e9.<\/li>\n\n\n\n<li><a href=\"https:\/\/each.international\/fr\/projects\/\">Partage de bonnes pratiques<\/a>&nbsp;d\u00e9montrer activement les besoins changeants en mati\u00e8re de prestation de soins de sant\u00e9 et une approche centr\u00e9e sur la personne.<\/li>\n<\/ul>\n<\/div><figure class=\"wp-block-media-text__media\"><img loading=\"lazy\" width=\"803\" height=\"1025\" src=\"https:\/\/each.international\/wp-content\/uploads\/2022\/07\/abt-each.png\" alt=\"\" class=\"wp-image-17349 size-full\" srcset=\"https:\/\/each.international\/wp-content\/uploads\/2022\/07\/abt-each.png 803w, https:\/\/each.international\/wp-content\/uploads\/2022\/07\/abt-each-235x300.png 235w, https:\/\/each.international\/wp-content\/uploads\/2022\/07\/abt-each-768x980.png 768w, https:\/\/each.international\/wp-content\/uploads\/2022\/07\/abt-each-624x797.png 624w\" sizes=\"auto, (max-width: 803px) 100vw, 803px\" \/><\/figure><\/div>\n\n\n\n<div class=\"wp-block-group alignfull has-white-color has-text-color has-background has-link-color wp-elements-90908dd53d711d933bd569a6d3cba8a3\" style=\"background-color:#64215d\"><div class=\"wp-block-group__inner-container is-layout-constrained wp-block-group-is-layout-constrained\">\n<h2 class=\"wp-block-heading has-white-color has-text-color has-link-color wp-elements-f44d9a389e3d317035f07e2097733ff0\">Comment CHACUN fait-il ?<\/h2>\n\n\n\n<p>Les membres de EACH partagent leur expertise en mati\u00e8re de communication sur les soins de sant\u00e9 entre eux et avec la communaut\u00e9 au sens large \u00e0 travers de nombreuses opportunit\u00e9s continues, notamment\u00a0:<\/p>\n\n\n\n<ul class=\"wp-block-list tick-list white-tick\">\n<li><a href=\"https:\/\/each.international\/fr\/eachevents\/conferences\/\">Conf\u00e9rences internationales annuelles<\/a>&nbsp;sur la communication en mati\u00e8re de soins de sant\u00e9 r\u00e9unissant la communaut\u00e9 des chercheurs, des \u00e9ducateurs, des praticiens et des d\u00e9cideurs politiques.<\/li>\n\n\n\n<li><a href=\"https:\/\/each.international\/fr\/eachevents\/courses\/\">Ateliers et cours<\/a>&nbsp;se concentrant sur les meilleures pratiques en mati\u00e8re de recherche et d\u2019\u00e9ducation en communication sur les soins de sant\u00e9.<\/li>\n\n\n\n<li>Actif en ligne et en personne&nbsp;<a href=\"https:\/\/each.international\/fr\/members-area\/\">r\u00e9seaux d&#039;apprenants et de professionnels<\/a>, bas\u00e9s sur des pays, des langues ou des int\u00e9r\u00eats communs.<\/li>\n\n\n\n<li>Une base de donn\u00e9es de&nbsp;<a href=\"https:\/\/each.international\/fr\/resources\/\">ressources et outils partag\u00e9s<\/a>&nbsp;d\u00e9velopp\u00e9s et\/ou organis\u00e9s par des experts cl\u00e9s dans le domaine, disponibles exclusivement pour les membres.<\/li>\n\n\n\n<li>Affiliations directes avec&nbsp;<a href=\"https:\/\/www.sciencedirect.com\/science\/article\/abs\/pii\/S0738399101001252\" target=\"_blank\" rel=\"noreferrer noopener\">\u00c9ducation et conseil aux patients<\/a>, la principale revue d\u00e9di\u00e9e aux recherches en communication sur les soins de sant\u00e9.<\/li>\n\n\n\n<li>Promotion des meilleures pratiques gr\u00e2ce \u00e0 la collaboration avec&nbsp;<a href=\"https:\/\/each.international\/fr\/groups\/\">organisations et r\u00e9seaux nationaux et internationaux<\/a>&nbsp;avec des objectifs similaires.<\/li>\n<\/ul>\n\n\n\n<p>Certaines activit\u00e9s g\u00e9n\u00e8rent des revenus pour CHACUN, qui sont r\u00e9investis dans d&#039;autres activit\u00e9s au profit de notre communaut\u00e9. De plus, les dons et les contributions en nature nous aident \u00e0 continuer \u00e0 d\u00e9velopper et \u00e0 soutenir les am\u00e9liorations de la communication sur les soins de sant\u00e9 \u00e0 l\u2019\u00e9chelle internationale.<\/p>\n<\/div><\/div>\n\n\n\n<h2 class=\"wp-block-heading\">Pourquoi CHACUN est important<\/h2>\n\n\n\n<p>De nombreuses preuves d\u00e9montrent qu\u2019une communication efficace est essentielle \u00e0 une pratique clinique de haute qualit\u00e9 et conduit \u00e0\u00a0:<\/p>\n\n\n\n<ul class=\"wp-block-list\">\n<li>Des soins individualis\u00e9s qui respectent l\u2019autonomie du patient<\/li>\n\n\n\n<li>Des soins de sant\u00e9 plus s\u00fbrs et plus efficaces<\/li>\n\n\n\n<li>R\u00e9sultats am\u00e9lior\u00e9s pour la maladie<\/li>\n\n\n\n<li>Patients les plus satisfaits et autonomes<\/li>\n\n\n\n<li>Des services plus efficaces<\/li>\n\n\n\n<li>Des soins plus rentables<\/li>\n<\/ul>\n\n\n\n<p>Les donn\u00e9es d\u00e9montrent \u00e9galement qu\u2019une communication plus efficace en mati\u00e8re de soins de sant\u00e9 peut \u00eatre\u00a0:<\/p>\n\n\n\n<ul class=\"wp-block-list\">\n<li>Enseign\u00e9 \u00e0 tous les prestataires de soins de sant\u00e9<\/li>\n\n\n\n<li>Mis en \u0153uvre dans la pratique quotidienne<\/li>\n<\/ul>\n\n\n\n<p>Cependant, plus de 30 ans de recherche sur la communication en mati\u00e8re de soins de sant\u00e9 ont \u00e9galement montr\u00e9 qu&#039;il existe des probl\u00e8mes persistants dans la communication en mati\u00e8re de soins de sant\u00e9 qui ont un impact n\u00e9gatif sur les patients, leurs familles et les prestataires. Les patients et leurs familles ont souvent le sentiment de ne pas \u00eatre soutenus, \u00e9cout\u00e9s ou compris ; ils ne sont pas impliqu\u00e9s en tant que partenaires dans leurs d\u00e9cisions m\u00e9dicales.<\/p>\n\n\n\n<p>En r\u00e9ponse \u00e0 cela, EACH soutient le d\u00e9veloppement actif de nouveaux moyens de communication plus efficaces dans le domaine des soins de sant\u00e9 afin de cr\u00e9er une relation plus \u00e9galitaire, plus responsabilis\u00e9e et plus productive entre toutes les parties.<\/p>\n\n\n\n<div class=\"wp-block-group alignfull has-white-color has-text-color has-background has-link-color wp-elements-914b4c7dd21c48a68bc32757f75085ce\" style=\"background-color:#f08b33\"><div class=\"wp-block-group__inner-container is-layout-constrained wp-block-group-is-layout-constrained\">\n<h2 class=\"wp-block-heading has-white-color has-text-color has-link-color wp-elements-e43c24e841eba2320d334fbacb1e6b0d\">L\u00e0 o\u00f9 CHACUN a commenc\u00e9<\/h2>\n\n\n\n<p>EACH a \u00e9t\u00e9 officiellement fond\u00e9e en tant qu&#039;organisation europ\u00e9enne en septembre 2001 par le Prof.dr. Jozien Bensing et Prof.dr. Sandra van Dulmen du NIVEL (Institut n\u00e9erlandais de recherche sur les services de sant\u00e9) en collaboration avec des chercheurs, des enseignants en m\u00e9decine et des praticiens de huit pays europ\u00e9ens.<\/p>\n\n\n\n<p>Son objectif \u00e9tait de cr\u00e9er une communaut\u00e9 multidisciplinaire pour les personnes actives dans la recherche et la formation en communication. Elle a \u00e9t\u00e9 lanc\u00e9e publiquement en tant qu&#039;organisation \u00e0 but non lucratif et transform\u00e9e en organisme de bienfaisance en 2014, ce qu&#039;elle reste encore aujourd&#039;hui.<\/p>\n<\/div><\/div>\n\n\n\n<h2 class=\"wp-block-heading has-text-align-center\">Anciens pr\u00e9sidents de CHACUN<\/h2>\n\n\n\n<p class=\"has-text-align-center\">2022-2024 Lorraine Noble<\/p>\n\n\n\n<p class=\"has-text-align-center\">2020-2022 Marcy Rosenbaum<\/p>\n\n\n\n<p class=\"has-text-align-center\">2018-2020 Sara Rubinelli<\/p>\n\n\n\n<p class=\"has-text-align-center\">2016-2018 Evelyn van Weel-Baumgarten<\/p>\n\n\n\n<p class=\"has-text-align-center\">2014-2016Jonathan Silverman<\/p>\n\n\n\n<p class=\"has-text-align-center\">2012-2014 Myriam Deveugele<\/p>\n\n\n\n<p class=\"has-text-align-center\">2010-2012 Peter Salmon<\/p>\n\n\n\n<p class=\"has-text-align-center\">2006-2010 Loup Langewitz<\/p>\n\n\n\n<p class=\"has-text-align-center\">Kit de finition Arnstein 2004-2006.<\/p>\n\n\n\n<p class=\"has-text-align-center\">2001-2004Jozien Bensing<\/p>","protected":false},"excerpt":{"rendered":"<p>How EACH does it? EACH members share their expertise in healthcare communication with each other and the broader community through many ongoing opportunities including: Some&hellip;<\/p>","protected":false},"author":996,"featured_media":0,"parent":0,"menu_order":0,"comment_status":"closed","ping_status":"open","template":"page-basic-full-width.php","meta":{"_acf_changed":false,"footnotes":""},"class_list":["post-4260","page","type-page","status-publish","hentry"],"acf":[],"_links":{"self":[{"href":"https:\/\/each.international\/fr\/wp-json\/wp\/v2\/pages\/4260","targetHints":{"allow":["GET"]}}],"collection":[{"href":"https:\/\/each.international\/fr\/wp-json\/wp\/v2\/pages"}],"about":[{"href":"https:\/\/each.international\/fr\/wp-json\/wp\/v2\/types\/page"}],"author":[{"embeddable":true,"href":"https:\/\/each.international\/fr\/wp-json\/wp\/v2\/users\/996"}],"replies":[{"embeddable":true,"href":"https:\/\/each.international\/fr\/wp-json\/wp\/v2\/comments?post=4260"}],"version-history":[{"count":2,"href":"https:\/\/each.international\/fr\/wp-json\/wp\/v2\/pages\/4260\/revisions"}],"predecessor-version":[{"id":22001,"href":"https:\/\/each.international\/fr\/wp-json\/wp\/v2\/pages\/4260\/revisions\/22001"}],"wp:attachment":[{"href":"https:\/\/each.international\/fr\/wp-json\/wp\/v2\/media?parent=4260"}],"curies":[{"name":"wp","href":"https:\/\/api.w.org\/{rel}","templated":true}]}}

À propos de CHACUN

<div class="wp-block-media-text alignfull has-media-on-the-right is-stacked-on-mobile is-vertically-aligned-top about-gap" style="grid-template-columns:auto 30%"><div class="wp-block-media-text__content">
<h2 class="wp-block-heading">Que fait CHACUN ?</h2>



<p>EACH développe, promeut et enseigne une communication efficace en matière de santé dans le monde entier via :</p>



<ul class="wp-block-list tick-list">
<li><a href="https://each.international/fr/organisation/networking/">Un réseau mondial actif</a>&nbsp;de chercheurs, d&#039;enseignants et de praticiens, engagés à améliorer l&#039;expérience des patients.</li>



<li><a href="https://each.international/fr/research/">Recherche</a>&nbsp;et&nbsp;<a href="https://each.international/fr/teaching/">Enseignement</a>&nbsp;améliorer la communication sur les soins de santé et les résultats de santé du grand public.</li>



<li>S&#039;efforcer d&#039;avoir un impact sur&nbsp;<a href="https://each.international/fr/practice/">décideurs politiques et parties prenantes non universitaires</a>&nbsp;afin qu&#039;une communication efficace sur les soins de santé soit intégrée dans le système de prestation de soins de santé partout dans le monde</li>



<li><a href="https://each.international/fr/resources/">Échange de connaissances</a>&nbsp;permettre la diffusion des produits d’enseignement et de recherche au sein du milieu de la santé.</li>



<li><a href="https://each.international/fr/projects/">Partage de bonnes pratiques</a>&nbsp;démontrer activement les besoins changeants en matière de prestation de soins de santé et une approche centrée sur la personne.</li>
</ul>
</div><figure class="wp-block-media-text__media"><img loading="lazy" width="803" height="1025" src="https://each.international/wp-content/uploads/2022/07/abt-each.png" alt="" class="wp-image-17349 size-full" srcset="https://each.international/wp-content/uploads/2022/07/abt-each.png 803w, https://each.international/wp-content/uploads/2022/07/abt-each-235x300.png 235w, https://each.international/wp-content/uploads/2022/07/abt-each-768x980.png 768w, https://each.international/wp-content/uploads/2022/07/abt-each-624x797.png 624w" sizes="auto, (max-width: 803px) 100vw, 803px" /></figure></div>



<div class="wp-block-group alignfull has-white-color has-text-color has-background has-link-color wp-elements-90908dd53d711d933bd569a6d3cba8a3" style="background-color:#64215d"><div class="wp-block-group__inner-container is-layout-constrained wp-block-group-is-layout-constrained">
<h2 class="wp-block-heading has-white-color has-text-color has-link-color wp-elements-f44d9a389e3d317035f07e2097733ff0">Comment CHACUN fait-il ?</h2>



<p>Les membres de EACH partagent leur expertise en matière de communication sur les soins de santé entre eux et avec la communauté au sens large à travers de nombreuses opportunités continues, notamment :</p>



<ul class="wp-block-list tick-list white-tick">
<li><a href="https://each.international/fr/eachevents/conferences/">Conférences internationales annuelles</a>&nbsp;sur la communication en matière de soins de santé réunissant la communauté des chercheurs, des éducateurs, des praticiens et des décideurs politiques.</li>



<li><a href="https://each.international/fr/eachevents/courses/">Ateliers et cours</a>&nbsp;se concentrant sur les meilleures pratiques en matière de recherche et d’éducation en communication sur les soins de santé.</li>



<li>Actif en ligne et en personne&nbsp;<a href="https://each.international/fr/members-area/">réseaux d&#039;apprenants et de professionnels</a>, basés sur des pays, des langues ou des intérêts communs.</li>



<li>Une base de données de&nbsp;<a href="https://each.international/fr/resources/">ressources et outils partagés</a>&nbsp;développés et/ou organisés par des experts clés dans le domaine, disponibles exclusivement pour les membres.</li>



<li>Affiliations directes avec&nbsp;<a href="https://www.sciencedirect.com/science/article/abs/pii/S0738399101001252" target="_blank" rel="noreferrer noopener">Éducation et conseil aux patients</a>, la principale revue dédiée aux recherches en communication sur les soins de santé.</li>



<li>Promotion des meilleures pratiques grâce à la collaboration avec&nbsp;<a href="https://each.international/fr/groups/">organisations et réseaux nationaux et internationaux</a>&nbsp;avec des objectifs similaires.</li>
</ul>



<p>Certaines activités génèrent des revenus pour CHACUN, qui sont réinvestis dans d&#039;autres activités au profit de notre communauté. De plus, les dons et les contributions en nature nous aident à continuer à développer et à soutenir les améliorations de la communication sur les soins de santé à l’échelle internationale.</p>
</div></div>



<h2 class="wp-block-heading">Pourquoi CHACUN est important</h2>



<p>De nombreuses preuves démontrent qu’une communication efficace est essentielle à une pratique clinique de haute qualité et conduit à :</p>



<ul class="wp-block-list">
<li>Des soins individualisés qui respectent l’autonomie du patient</li>



<li>Des soins de santé plus sûrs et plus efficaces</li>



<li>Résultats améliorés pour la maladie</li>



<li>Patients les plus satisfaits et autonomes</li>



<li>Des services plus efficaces</li>



<li>Des soins plus rentables</li>
</ul>



<p>Les données démontrent également qu’une communication plus efficace en matière de soins de santé peut être :</p>



<ul class="wp-block-list">
<li>Enseigné à tous les prestataires de soins de santé</li>



<li>Mis en œuvre dans la pratique quotidienne</li>
</ul>



<p>Cependant, plus de 30 ans de recherche sur la communication en matière de soins de santé ont également montré qu&#039;il existe des problèmes persistants dans la communication en matière de soins de santé qui ont un impact négatif sur les patients, leurs familles et les prestataires. Les patients et leurs familles ont souvent le sentiment de ne pas être soutenus, écoutés ou compris ; ils ne sont pas impliqués en tant que partenaires dans leurs décisions médicales.</p>



<p>En réponse à cela, EACH soutient le développement actif de nouveaux moyens de communication plus efficaces dans le domaine des soins de santé afin de créer une relation plus égalitaire, plus responsabilisée et plus productive entre toutes les parties.</p>



<div class="wp-block-group alignfull has-white-color has-text-color has-background has-link-color wp-elements-914b4c7dd21c48a68bc32757f75085ce" style="background-color:#f08b33"><div class="wp-block-group__inner-container is-layout-constrained wp-block-group-is-layout-constrained">
<h2 class="wp-block-heading has-white-color has-text-color has-link-color wp-elements-e43c24e841eba2320d334fbacb1e6b0d">Là où CHACUN a commencé</h2>



<p>EACH a été officiellement fondée en tant qu&#039;organisation européenne en septembre 2001 par le Prof.dr. Jozien Bensing et Prof.dr. Sandra van Dulmen du NIVEL (Institut néerlandais de recherche sur les services de santé) en collaboration avec des chercheurs, des enseignants en médecine et des praticiens de huit pays européens.</p>



<p>Son objectif était de créer une communauté multidisciplinaire pour les personnes actives dans la recherche et la formation en communication. Elle a été lancée publiquement en tant qu&#039;organisation à but non lucratif et transformée en organisme de bienfaisance en 2014, ce qu&#039;elle reste encore aujourd&#039;hui.</p>
</div></div>



<h2 class="wp-block-heading has-text-align-center">Anciens présidents de CHACUN</h2>



<p class="has-text-align-center">2022-2024 Lorraine Noble</p>



<p class="has-text-align-center">2020-2022 Marcy Rosenbaum</p>



<p class="has-text-align-center">2018-2020 Sara Rubinelli</p>



<p class="has-text-align-center">2016-2018 Evelyn van Weel-Baumgarten</p>



<p class="has-text-align-center">2014-2016Jonathan Silverman</p>



<p class="has-text-align-center">2012-2014 Myriam Deveugele</p>



<p class="has-text-align-center">2010-2012 Peter Salmon</p>



<p class="has-text-align-center">2006-2010 Loup Langewitz</p>



<p class="has-text-align-center">Kit de finition Arnstein 2004-2006.</p>



<p class="has-text-align-center">2001-2004Jozien Bensing</p>
