{"id":12354,"date":"2020-07-06T11:54:38","date_gmt":"2020-07-06T10:54:38","guid":{"rendered":"https:\/\/www.each.eu\/?page_id=12354"},"modified":"2024-09-27T12:28:21","modified_gmt":"2024-09-27T11:28:21","slug":"sig-interprofessional-education-ipe","status":"publish","type":"page","link":"https:\/\/each.international\/fr\/organisation\/sigs\/sig-interprofessional-education-ipe\/","title":{"rendered":"Formation interprofessionnelle (FIP)"},"content":{"rendered":"<p>La formation interprofessionnelle (FIP) se produit \u00ab lorsque deux professions ou plus apprennent les unes des autres, les unes des autres et ensemble, pour permettre une collaboration efficace et am\u00e9liorer les r\u00e9sultats en mati\u00e8re de sant\u00e9 \u00bb. La litt\u00e9rature actuelle implique des discussions sur la n\u00e9cessit\u00e9 de la FIP, mais l&#039;accent est moins mis sur les comp\u00e9tences de communication r\u00e9elles n\u00e9cessaires au sein des \u00e9quipes interprofessionnelles et sur la mani\u00e8re dont celles-ci am\u00e9lioreront la collaboration et les r\u00e9sultats en mati\u00e8re de sant\u00e9. De nombreuses \u00e9tudes d\u00e9crivent des interventions qui se produisent lors de stages cliniques o\u00f9 les \u00e9tudiants travaillent dans des \u00e9quipes d\u00e9j\u00e0 constitu\u00e9es, perp\u00e9tuant potentiellement une mauvaise communication et des interactions d&#039;\u00e9quipe. Les discussions portent g\u00e9n\u00e9ralement sur le moment o\u00f9 l\u2019IPE devrait \u00eatre pr\u00e9sent\u00e9e aux \u00e9tudiants en soins de sant\u00e9 et sur la mani\u00e8re de faciliter au mieux la collaboration interprofessionnelle.<\/p>\n\n\n\n<p>La communication est au c\u0153ur de l\u2019apprentissage interprofessionnel. Le but de ce groupe d&#039;int\u00e9r\u00eat sp\u00e9cial est d&#039;encourager l&#039;\u00e9change et la collaboration \u00e0 l&#039;\u00e9chelle mondiale entre les participants concernant les mod\u00e8les actuels et les fa\u00e7ons d&#039;aborder les d\u00e9fis potentiels de l&#039;IPE, en se concentrant sp\u00e9cifiquement sur la communication. Un potentiel d\u2019activit\u00e9s universitaires \u00e9ducatives continues et\/ou collaboratives et futures est souhait\u00e9.<\/p>\n\n\n\n<h2 class=\"wp-block-heading\">Objectifs<\/h2>\n\n\n\n<ol class=\"wp-block-list\">\n<li>Identifiez les mod\u00e8les \u00e9ducatifs ou les comp\u00e9tences qui contribuent \u00e0 une communication interprofessionnelle r\u00e9ussie.<\/li>\n\n\n\n<li>Identifier les moyens d&#039;int\u00e9grer la communication interprofessionnelle dans le programme de soins de sant\u00e9.<\/li>\n\n\n\n<li>Identifier et d\u00e9velopper les meilleures pratiques pour enseigner les comp\u00e9tences de communication interprofessionnelle aux apprenants et promouvoir les connaissances dans ce domaine.<\/li>\n<\/ol>\n\n\n\n<h2 class=\"wp-block-heading\">Plan<\/h2>\n\n\n\n<p>Notre activit\u00e9 propos\u00e9e consisterait d\u2019abord \u00e0 d\u00e9velopper une solide cohorte d\u2019individus int\u00e9ress\u00e9s et investis dans l\u2019avancement de l\u2019IPE et de la communication IP. \u00c0 mesure que ce groupe se d\u00e9veloppe, nous esp\u00e9rons commencer \u00e0 travailler sur les trois objectifs ci-dessus et commencer \u00e0 favoriser l&#039;activit\u00e9 scientifique. Cela pourrait potentiellement accro\u00eetre l&#039;int\u00e9r\u00eat pour le SIG et accro\u00eetre le nombre de membres et les activit\u00e9s du SIG.<\/p>\n\n\n\n<p>Une autre activit\u00e9 consiste \u00e0 commencer \u00e0 cataloguer les travaux\/ressources existants, \u00e0 formuler et \u00e0 sugg\u00e9rer des recherches, ainsi que des activit\u00e9s scientifiques pour faire progresser la communication interprofessionnelle. La possibilit\u00e9 de collaborer avec nos coll\u00e8gues chercheurs pour enqu\u00eater aupr\u00e8s des membres sur la communication IP serait \u00e9galement int\u00e9ressante.<\/p>\n\n\n\n<h2 class=\"wp-block-heading\">Officiers<\/h2>\n\n\n\n<div class=\"wp-block-columns is-layout-flex wp-container-core-columns-is-layout-9d6595d7 wp-block-columns-is-layout-flex\">\n<div class=\"wp-block-column is-layout-flow wp-block-column-is-layout-flow\" style=\"flex-basis:50%\">\n<div class=\"wp-block-media-text is-stacked-on-mobile is-vertically-aligned-center\" style=\"grid-template-columns:20% auto\"><figure class=\"wp-block-media-text__media\"><img src=\"https:\/\/each.international\/wp-content\/uploads\/2024\/08\/brendan-young.jpg\" alt=\"\" class=\"wp-image-21059 size-full\"\/><\/figure><div class=\"wp-block-media-text__content\">\n<p><a href=\"https:\/\/each.international\/fr\/members\/byoung\/profile\/\">Brendan Young<\/a><\/p>\n<\/div><\/div>\n<\/div>\n\n\n\n<div class=\"wp-block-column is-layout-flow wp-block-column-is-layout-flow\" style=\"flex-basis:50%\">\n<div class=\"wp-block-media-text is-stacked-on-mobile is-vertically-aligned-center\" style=\"grid-template-columns:20% auto\"><figure class=\"wp-block-media-text__media\"><img src=\"https:\/\/each.international\/wp-content\/uploads\/2024\/08\/TJ.jpg\" alt=\"\" class=\"wp-image-21062 size-full\"\/><\/figure><div class=\"wp-block-media-text__content\">\n<p><a href=\"https:\/\/each.international\/fr\/members\/byoung\/profile\/\">TJ Jirasevijinda<\/a><\/p>\n<\/div><\/div>\n<\/div>\n<\/div>\n\n\n\n<div class=\"wp-block-columns is-layout-flex wp-container-core-columns-is-layout-9d6595d7 wp-block-columns-is-layout-flex\">\n<div class=\"wp-block-column is-layout-flow wp-block-column-is-layout-flow\" style=\"flex-basis:50%\">\n<div class=\"wp-block-media-text is-stacked-on-mobile is-vertically-aligned-center\" style=\"grid-template-columns:20% auto\"><figure class=\"wp-block-media-text__media\"><img src=\"https:\/\/each.international\/wp-content\/uploads\/2024\/08\/blank-face.jpg\" alt=\"\" class=\"wp-image-21066 size-full\"\/><\/figure><div class=\"wp-block-media-text__content\">\n<p><a href=\"https:\/\/each.international\/fr\/members\/byoung\/profile\/\">Anthony Brenneman<\/a><\/p>\n<\/div><\/div>\n<\/div>\n\n\n\n<div class=\"wp-block-column is-layout-flow wp-block-column-is-layout-flow\" style=\"flex-basis:50%\">\n<div class=\"wp-block-media-text is-stacked-on-mobile is-vertically-aligned-center\" style=\"grid-template-columns:20% auto\"><figure class=\"wp-block-media-text__media\"><img src=\"https:\/\/each.international\/wp-content\/uploads\/2024\/08\/Susanne.jpg\" alt=\"\" class=\"wp-image-21067 size-full\"\/><\/figure><div class=\"wp-block-media-text__content\">\n<p><a href=\"https:\/\/each.international\/fr\/members\/byoung\/profile\/\">Susanne Lindqvist<\/a><\/p>\n<\/div><\/div>\n<\/div>\n<\/div>\n\n\n\n<div class=\"wp-block-columns is-layout-flex wp-container-core-columns-is-layout-9d6595d7 wp-block-columns-is-layout-flex\">\n<div class=\"wp-block-column is-layout-flow wp-block-column-is-layout-flow\" style=\"flex-basis:50%\">\n<div class=\"wp-block-media-text is-stacked-on-mobile is-vertically-aligned-center\" style=\"grid-template-columns:20% auto\"><figure class=\"wp-block-media-text__media\"><img src=\"https:\/\/each.international\/wp-content\/uploads\/2024\/08\/blank-face-1.jpg\" alt=\"\" class=\"wp-image-21068 size-full\"\/><\/figure><div class=\"wp-block-media-text__content\">\n<p><a href=\"https:\/\/each.international\/fr\/members\/byoung\/profile\/\">Cadja Bachmann<\/a><\/p>\n<\/div><\/div>\n<\/div>\n\n\n\n<div class=\"wp-block-column is-layout-flow wp-block-column-is-layout-flow\" style=\"flex-basis:50%\"><\/div>\n<\/div>\n\n\n\n<div style=\"height:20px\" aria-hidden=\"true\" class=\"wp-block-spacer\"><\/div>\n\n\n\n<p>Anthony Brenneman<br>Coll\u00e8ge de m\u00e9decine Carver, Universit\u00e9 de l&#039;Iowa<br><a href=\"mailto:anthony-brenneman@uiowa.edu\">anthony-brenneman@uiowa.edu<\/a><\/p>\n\n\n\n<p>Cadja Bachmann, MME<br>O\u00c4 f\u00fcr Medizindidaktik, F\u00c4 f\u00fcr Allgemeinmedizin<br>Studiendekanat, Universit\u00e4tsmedizin Rostock<\/p>\n\n\n\n<p>TJ Jirasevijinda, MD<br>Directeur, Formation m\u00e9dicale p\u00e9diatrique de premier cycle<br>Professeur agr\u00e9g\u00e9 de p\u00e9diatrie, Weill Corness Medicine<br><a href=\"mailto:Thj2002@med.cornell.edu\">Thj2002@med.cornell.edu<\/a><\/p>\n\n\n\n<p>Susanne Lindqvist PhD, SFHEA, MSc, QTS, BSc<br>Professeur de pratique interprofessionnelle et directeur du Centre de pratique interprofessionnelle, Universit\u00e9 d&#039;East Anglia,<br><a href=\"mailto:S.Lindqvist@uea.ac.uk\">S.Lindqvist@uea.ac.uk<\/a><\/p>","protected":false},"excerpt":{"rendered":"<p>Interprofessional Education (IPE) occurs \u201cwhen two or more professions learn about, from and with each other to enable effective collaboration and improve health outcomes.\u201d Current&hellip;<\/p>","protected":false},"author":996,"featured_media":0,"parent":5419,"menu_order":0,"comment_status":"closed","ping_status":"open","template":"page-basic-header.php","meta":{"_acf_changed":false,"footnotes":""},"class_list":["post-12354","page","type-page","status-publish","hentry"],"acf":[],"_links":{"self":[{"href":"https:\/\/each.international\/fr\/wp-json\/wp\/v2\/pages\/12354","targetHints":{"allow":["GET"]}}],"collection":[{"href":"https:\/\/each.international\/fr\/wp-json\/wp\/v2\/pages"}],"about":[{"href":"https:\/\/each.international\/fr\/wp-json\/wp\/v2\/types\/page"}],"author":[{"embeddable":true,"href":"https:\/\/each.international\/fr\/wp-json\/wp\/v2\/users\/996"}],"replies":[{"embeddable":true,"href":"https:\/\/each.international\/fr\/wp-json\/wp\/v2\/comments?post=12354"}],"version-history":[{"count":1,"href":"https:\/\/each.international\/fr\/wp-json\/wp\/v2\/pages\/12354\/revisions"}],"predecessor-version":[{"id":20738,"href":"https:\/\/each.international\/fr\/wp-json\/wp\/v2\/pages\/12354\/revisions\/20738"}],"up":[{"embeddable":true,"href":"https:\/\/each.international\/fr\/wp-json\/wp\/v2\/pages\/5419"}],"wp:attachment":[{"href":"https:\/\/each.international\/fr\/wp-json\/wp\/v2\/media?parent=12354"}],"curies":[{"name":"wp","href":"https:\/\/api.w.org\/{rel}","templated":true}]}}

<p>La formation interprofessionnelle (FIP) se produit « lorsque deux professions ou plus apprennent les unes des autres, les unes des autres et ensemble, pour permettre une collaboration efficace et améliorer les résultats en matière de santé ». La littérature actuelle implique des discussions sur la nécessité de la FIP, mais l&#039;accent est moins mis sur les compétences de communication réelles nécessaires au sein des équipes interprofessionnelles et sur la manière dont celles-ci amélioreront la collaboration et les résultats en matière de santé. De nombreuses études décrivent des interventions qui se produisent lors de stages cliniques où les étudiants travaillent dans des équipes déjà constituées, perpétuant potentiellement une mauvaise communication et des interactions d&#039;équipe. Les discussions portent généralement sur le moment où l’IPE devrait être présentée aux étudiants en soins de santé et sur la manière de faciliter au mieux la collaboration interprofessionnelle.</p>



<p>La communication est au cœur de l’apprentissage interprofessionnel. Le but de ce groupe d&#039;intérêt spécial est d&#039;encourager l&#039;échange et la collaboration à l&#039;échelle mondiale entre les participants concernant les modèles actuels et les façons d&#039;aborder les défis potentiels de l&#039;IPE, en se concentrant spécifiquement sur la communication. Un potentiel d’activités universitaires éducatives continues et/ou collaboratives et futures est souhaité.</p>



<h2 class="wp-block-heading">Objectifs</h2>



<ol class="wp-block-list">
<li>Identifiez les modèles éducatifs ou les compétences qui contribuent à une communication interprofessionnelle réussie.</li>



<li>Identifier les moyens d&#039;intégrer la communication interprofessionnelle dans le programme de soins de santé.</li>



<li>Identifier et développer les meilleures pratiques pour enseigner les compétences de communication interprofessionnelle aux apprenants et promouvoir les connaissances dans ce domaine.</li>
</ol>



<h2 class="wp-block-heading">Plan</h2>



<p>Notre activité proposée consisterait d’abord à développer une solide cohorte d’individus intéressés et investis dans l’avancement de l’IPE et de la communication IP. À mesure que ce groupe se développe, nous espérons commencer à travailler sur les trois objectifs ci-dessus et commencer à favoriser l&#039;activité scientifique. Cela pourrait potentiellement accroître l&#039;intérêt pour le SIG et accroître le nombre de membres et les activités du SIG.</p>



<p>Une autre activité consiste à commencer à cataloguer les travaux/ressources existants, à formuler et à suggérer des recherches, ainsi que des activités scientifiques pour faire progresser la communication interprofessionnelle. La possibilité de collaborer avec nos collègues chercheurs pour enquêter auprès des membres sur la communication IP serait également intéressante.</p>



<h2 class="wp-block-heading">Officiers</h2>



<div class="wp-block-columns is-layout-flex wp-container-core-columns-is-layout-9d6595d7 wp-block-columns-is-layout-flex">
<div class="wp-block-column is-layout-flow wp-block-column-is-layout-flow" style="flex-basis:50%">
<div class="wp-block-media-text is-stacked-on-mobile is-vertically-aligned-center" style="grid-template-columns:20% auto"><figure class="wp-block-media-text__media"><img src="https://each.international/wp-content/uploads/2024/08/brendan-young.jpg" alt="" class="wp-image-21059 size-full"/></figure><div class="wp-block-media-text__content">
<p><a href="https://each.international/fr/members/byoung/profile/">Brendan Young</a></p>
</div></div>
</div>



<div class="wp-block-column is-layout-flow wp-block-column-is-layout-flow" style="flex-basis:50%">
<div class="wp-block-media-text is-stacked-on-mobile is-vertically-aligned-center" style="grid-template-columns:20% auto"><figure class="wp-block-media-text__media"><img src="https://each.international/wp-content/uploads/2024/08/TJ.jpg" alt="" class="wp-image-21062 size-full"/></figure><div class="wp-block-media-text__content">
<p><a href="https://each.international/fr/members/byoung/profile/">TJ Jirasevijinda</a></p>
</div></div>
</div>
</div>



<div class="wp-block-columns is-layout-flex wp-container-core-columns-is-layout-9d6595d7 wp-block-columns-is-layout-flex">
<div class="wp-block-column is-layout-flow wp-block-column-is-layout-flow" style="flex-basis:50%">
<div class="wp-block-media-text is-stacked-on-mobile is-vertically-aligned-center" style="grid-template-columns:20% auto"><figure class="wp-block-media-text__media"><img src="https://each.international/wp-content/uploads/2024/08/blank-face.jpg" alt="" class="wp-image-21066 size-full"/></figure><div class="wp-block-media-text__content">
<p><a href="https://each.international/fr/members/byoung/profile/">Anthony Brenneman</a></p>
</div></div>
</div>



<div class="wp-block-column is-layout-flow wp-block-column-is-layout-flow" style="flex-basis:50%">
<div class="wp-block-media-text is-stacked-on-mobile is-vertically-aligned-center" style="grid-template-columns:20% auto"><figure class="wp-block-media-text__media"><img src="https://each.international/wp-content/uploads/2024/08/Susanne.jpg" alt="" class="wp-image-21067 size-full"/></figure><div class="wp-block-media-text__content">
<p><a href="https://each.international/fr/members/byoung/profile/">Susanne Lindqvist</a></p>
</div></div>
</div>
</div>



<div class="wp-block-columns is-layout-flex wp-container-core-columns-is-layout-9d6595d7 wp-block-columns-is-layout-flex">
<div class="wp-block-column is-layout-flow wp-block-column-is-layout-flow" style="flex-basis:50%">
<div class="wp-block-media-text is-stacked-on-mobile is-vertically-aligned-center" style="grid-template-columns:20% auto"><figure class="wp-block-media-text__media"><img src="https://each.international/wp-content/uploads/2024/08/blank-face-1.jpg" alt="" class="wp-image-21068 size-full"/></figure><div class="wp-block-media-text__content">
<p><a href="https://each.international/fr/members/byoung/profile/">Cadja Bachmann</a></p>
</div></div>
</div>



<div class="wp-block-column is-layout-flow wp-block-column-is-layout-flow" style="flex-basis:50%"></div>
</div>



<div style="height:20px" aria-hidden="true" class="wp-block-spacer"></div>



<p>Anthony Brenneman<br>Collège de médecine Carver, Université de l&#039;Iowa<br><a href="mailto:anthony-brenneman@uiowa.edu">anthony-brenneman@uiowa.edu</a></p>



<p>Cadja Bachmann, MME<br>OÄ für Medizindidaktik, FÄ für Allgemeinmedizin<br>Studiendekanat, Universitätsmedizin Rostock</p>



<p>TJ Jirasevijinda, MD<br>Directeur, Formation médicale pédiatrique de premier cycle<br>Professeur agrégé de pédiatrie, Weill Corness Medicine<br><a href="mailto:Thj2002@med.cornell.edu">Thj2002@med.cornell.edu</a></p>



<p>Susanne Lindqvist PhD, SFHEA, MSc, QTS, BSc<br>Professeur de pratique interprofessionnelle et directeur du Centre de pratique interprofessionnelle, Université d&#039;East Anglia,<br><a href="mailto:S.Lindqvist@uea.ac.uk">S.Lindqvist@uea.ac.uk</a></p>
